5
Calculate 3 - (5 - (0 + 1 + -3)).
-4
Evaluate 4 + (1 + -1 - 4).
0
What is the value of (-1 - (0 + 1)) + (-8 - -5)?
-5
What is the value of (22 - 31) + 1 + 1 + -1?
-8
-9 + -12 + 11 + 4
-6
What is -11 + 4 + 1 + 1 + -1?
-6
What is the value of 1 + 1 - (3 + -4 + 0)?
3
What is 11 + -4 + -2 - 6?
-1
Calculate 5 + -10 + 8 + -3.
0
Evaluate (1 - 4) + (5 - (6 + -3)).
-1
What is (9 - (9 - 2)) + -5 + 0?
-3
-2 + 12 + 1 + -8
3
-3 + 1 + -2 + 4
0
Evaluate 1 - (5 + (3 - 10)).
3
What is the value of -1 - (0 + (2 - 6) + 5)?
-2
What is (0 - 8) + 3 + 4?
-1
Calculate (-3 - 5) + -1 + -3 + 6.
-6
(-3 - 7) + (5 - (2 - 2))
-5
What is the value of 0 + 0 + -1 + (-25 - -19)?
-7
Evaluate 32 + -42 - (-19 - 1).
10
(-2 - 2) + 12 + -11 - 0
-3
What is the value of -1 + -6 + -8 + 7 - -12?
4
What is the value of 8 + (-2 - 7) + -2 + -4?
-7
Calculate -6 - (1 + 0 - 12).
5
Calculate -7 + (-5 - -14) + -7.
-5
What is the value of 2 - 5 - (-6 - -4 - 3)?
2
What is the value of 2 + -3 + 3 + -6?
-4
Evaluate -5 - (-5 + (2 - -2)) - 0.
-4
What is -1 - ((7 - 5) + -1)?
-2
What is the value of (-13 + 4 - -2) + (0 - -6)?
-1
Evaluate 0 - 1 - (0 + 0 - 3).
2
What is the value of (0 + (5 - 4) - -4) + -3?
2
What is the value of -2 + (-1 - 1) - (66 - 74)?
4
Calculate 7 - (7 + -2 + -2).
4
2 + (21 - 22) + (-1 - -6)
6
Evaluate (3 - 4) + 2 + 0.
1
Calculate (2 - (-3 - 4)) + -2.
7
What is the value of -1 + -1 + 2 - (27 - 26)?
-1
(23 - 10) + -9 - 9
-5
What is the value of (-7 + 5 - -8) + -2?
4
2 + 0 + -3 - -7
6
What is the value of -1 - (-3 - (2 + 1))?
5
What is the value of -13 + (0 - (-7 + 0)) - -7?
1
What is 3 + 4 + -4 + -1?
2
Calculate -7 - (0 - 1) - (3 - 7).
-2
What is -1 + -2 + (-141 - -134)?
-10
(19 - 16) + 0 + -1
2
What is -3 - -6 - (-1 - (2 + -4))?
2
What is the value of -5 - (-8 - (-3 + 3))?
3
Calculate 12 + -3 + 1 - 6.
4
-9 + -1 + (5 - 2)
-7
Evaluate 1 + 1 - (-10 + 11).
1
-1 - (-1 + -5) - (-59 - -65)
-1
Calculate 0 + -5 + -2 + (3 - -1).
-3
What is the value of -3 - (5 - 7) - -3?
2
What is (3 + -1 - 2) + 10 + -8?
2
Calculate -14 + (23 - 5) + -3.
1
Calculate -3 - (0 + -6) - -1 - 5.
-1
Evaluate (4 - -3) + 0 + 0 + -4.
3
Evaluate 1 - (2 - -1 - 4).
2
(-2 - (12 + 0)) + 10
-4
Evaluate -6 - ((-12 - -2) + 8).
-4
Evaluate -4 + (13 + -9 - -6).
6
0 + -9 - -1 - -15
7
What is 4 + -3 + 3 + -2?
2
-9 + 4 + -9 + 12
-2
What is the value of 2 + 2 - (0 - 0 - 1)?
5
Calculate -39 - -29 - (-12 + 2).
0
Evaluate -4 + -3 + 9 + (-4 - -7).
5
What is 34 + -13 + -8 + -10?
3
Evaluate 3 - (1 + (14 - 9)).
-3
Evaluate -4 - (10 + (1 - 16)).
1
What is the value of (5 - 7) + 0 + -1 - 2?
-5
Calculate (3 - 0) + (9 - (1 - -6)).
5
What is -1 - 11 - (-6 - 11)?
5
-9 + 12 - 2 - 7
-6
Evaluate (-4 - 0) + (-3 + 2 - -8).
3
Calculate 1 + (-1 - 3) - (0 - -2).
-5
What is 8 - (0 + -4 + 7) - 8?
-3
-3 - (-1 + 1 - 6)
3
Evaluate (1 - 2) + (-4 - -9) + -11.
-7
Evaluate -6 - (-15 - (3 + -9)).
3
Calculate -10 + 10 - (0 + 8).
-8
What is the value of -2 + -1 - (3 + -14 - -11)?
-3
What is the value of -3 - (-7 + 1 + 4)?
-1
-3 + (-5 - -3 - -3)
-2
Evaluate 5 + -1 + -6 - -5.
3
What is (-4 + -1 - (-2 + 0)) + 1?
-2
What is the value of 3 + (5 + -6 - 1)?
1
Evaluate -6 + 2 + -5 + 5.
-4
Evaluate -5 + 3 + (-6 - -6).
-2
10 + -5 - (1 + -1)
5
What is the value of 1 + -3 + 8 + -2 - 3?
1
What is 3 + -9 + (-4 - -15) - 6?
-1
(0 + 6 - 3) + 4 + -1
6
Evaluate -4 - (-1 + -1) - 3.
-5
Evaluate -3 - (4 + -3) - -3.
-1
Calculate 0 + (10 - 3 - 7) + 6.
6
Evaluate 6 - (20 + -12 - -5).
-7
What is the value of 5 - (-1 + (-3 - -9))?
0
5 - 0 - (6 - -3)
-4
What is the value of -2 - -4 - (-2 + 2 - 3)?
5
What is 6 + -3 + 4 - 3 - 3?
1
Calculate 16 + -19 - (2 + -1).
-4
What is -2 + -4 + (3 - -4) - 7?
-6
Calculate 0 + -2 + 6 + 1.
5
Evaluate -3 - (-6 - 0 - (-5 - -2)).
0
2 + -8 - (-2 - (5 - 3))
-2
What is (-1 - -6) + 1 - 5?
1
What is the value of -8 + 6 + (0 - 1 - -8)?
5
Calculate (-2 + -10 - -14) + 1 + 0.
3
Evaluate 18 + -2 + -6 + -6 + 1.
5
Calculate 11 + (-2 - 1) + 3 + -7.
4
Calculate (-1 - -3) + -4 + (0 - -5).
3
What is (-70 - -73) + 1 + 1?
5
Evaluate -23 + 16 - (2 - 1 - 3).
-5
What is -1 - (2 - (-2 + 7))?
2
What is 0 + (-8 - 2) + 1?
-9
What is the value of -2 - (3 - 10) - (2 - -2)?
1
Evaluate 6 + 6 + -9 - 3.
0
What is (-6 - -9) + -1 + -2?
0
Evaluate 4 - (2 - 4) - (-10 + 12).
4
Evaluate 5 + (-2 - -2) + -3.
2
What is the value of 3 + 1 - (8 - 1)?
-3
2 - (-14 - (-3 + -7))
6
Calculate (5 - 1 - -2) + -4.
2
Evaluate 13 + (-6 - 5) + 14 + -6.
10
Evaluate 6 - (6 + -1 + 2 + -2).
1
Evaluate 0 + -4 + 8 + 0.
4
Evaluate 14 + -2 + -5 + (-13 - 3).
-9
Evaluate 8 + -13 + 9 + -4 + 3.
3
What is -1 + 7 - (1 - -1 - 0)?
4
-7 + (3 - -1) + (14 - 8)
3
What is the value of -5 + (-2 - 1 - -4)?
-4
Calculate 2 + (4 - 4) + 3 + -1.
4
What is the value of -3 + 3 + (-11 - -7) - -7?
3
0 - -1 - (-8 - -3 - -2)
4
1 - ((-12 - -8) + (4 - 0))
1
Calculate 0 + (-12 - -6 - -2).
-4
Calculate 5 + -1 - (22 - (27 + -15)).
-6
What is -18 - -24 - (0 + 3 + 1)?
2
-21 - (-6 - 8) - (-7 - 0)
0
(6 - (-2 - -5)) + -2 + 5
6
Calculate 7 - (6 + -5 - -2 - 2).
6
What is (-50 - -42) + (0 - -18) + -8?
2
What is 10 - (-15 + 10 + 10)?
5
What is the value of 4 + -3 + 8 + -5?
4
Evaluate -3 - -8 - (0 + (0 - -2)).
3
Calculate 3 + -7 + 18 + -12.
2
8 - 13 - (-8 - (-6 - -3))
0
Evaluate -24 - -28 - (-1 + 0).
5
-6 - -1 - (-169 + 164)
0
What is the value of -8 + 4 + 7 - 5?
-2
Evaluate (0 + 1 - -5) + -1.
5
What is the value of 3 + -1 + -4 + (-6 - -6)?
-2
What is the value of -3 - (5 + (2 - (10 - 5)))?
-5
Evaluate 1 + 6 + -9 + 1 + 1.
0
What is the value of 3 + -4 - (-11 + 4 + 1)?
5
What is the value of 0 + (1 + -2 - (12 + -13))?
0
Calculate (28 - 26) + (2 - 1) + 2.
5
Calculate 4 + -7 + (-1 + 3 - -1).
0
Evaluate -5 - (38 - 32 - (19 + 0)).
8
Calculate 4 + 1 + -1 + -3 + -1.
0
Evaluate 1 + -3 + 5 + -3.
0
10 + (11 - 15) + -8
-2
Evaluate -7 - (-1 - (-5 - -12)).
1
What is (2 - 0) + -6 - (3 + -2)?
-5
0 - (11 - (3 - -3) - 10)
5
What is 1 - (4 - (10 + -11))?
-4
What is 3 - ((4 - 6) + 6)?
-1
Evaluate 10 + -11 + 1 + -3.
-3
Evaluate (2 - 7) + 11 + -4.
2
What is the value of -2 - (-11 + 0 - -5)?
4
-3 - (-7 + 0 + 3 - -1)
0
What is the value of -2 + 11 + -4 + -3?
2
36 - 30 - (-1 - -5)
2
What is 1 + 0 + 4 + (0 - 1)?
4
What is the value of -5 - (-10 + -2 + 6)?
1
Calculate (18 - 7 - 9) + -11.
-9
(1 + 3 - 13) + (1 - -2)
-6
Calculate 3 + (2 + 2 - (-2 - -9)).
0
What is (-13 - -17) + (-1 - 0)?
3
Calculate (0 - (1 - (0 + 4))) + 0.
3
What is -10 - (-5 - 17) - 8?
4
-1 + 5 + -5 + -3
-4
Calculate (7 + 1 - 1) + -15.
-8
What is -3 + (10 + 3 - 2) - 4?
4
What is the value of 6 - ((8 - -2) + -5)?
1
-1 - 2 - (-2 + -3)
2
Calculate -27 - -23 - ((-2 - -2) + 3).
-7
What is the value of -2 + 10 + -6 - 5?
-3
Evaluate 0 + -1 + 2 - (2 - -3).
-4
-9 + 1 + -1 + 100 + -96
-5
What is the value of 5 - (6 - (-5 - -7)) - -7?
8
Calculate 1 + 0 + -5 + 3 - -2.
1
Calculate 5 - (-22 - -39) - (-1 + -7).
-4
(-1 - -2 - -1) + -4 + 7
5
What is -44 + 50 - (2 - 1)?
5
-4 - (-1 - (-4 - -8))
1
What is -6 - (4 + -6 + -2 + 3)?
-5
Evaluate -3 + -9 + 4 + 5.
-3
What is the value of 4 + (-2 - (6 - 3) - 0)?
-1
Calculate 3 - (2 - 7 - -2).
6
Calculate (-5 - (2 - 6)) + (4 - 1).
2
Calculate (-9 - -4) + 3 + -4 + 2.
-4
Calculate -17 - (-15 + 5 + -3).
-4
What is the value of -22 - -6 - (-12 + 0)?
-4
0 - (2 - -1) - -2
-1
Evaluate 0 + (3 - ((6 - 2) + -2)).
1
What is -2 + -4 + (0 - -1 - -6)?
1
Calculate (0 - -1) + 7 + -2 - 5.
1
(-7 - -7 - -3) + -14 + 2
-9
What is the value of 0 + 2 + (-4 - -4)?
2
What is -6 + (1 - 1) + 3 + 0?
-3
(-3 - -5) + (-5 - (-7 + 3))
1
-1 + (1 + -3 - 2)
-5
Evaluate (-2 - (1 - 5 - -5)) + -2.
-5
What is 2 + (-7 - -9) + (-3 - 9)?
-8
What is the value of -9 + (-6 - (-9 - 5))?
-1
What is the value of (5 - 1) + 29 + -27 + -5?
1
3 - (-2 - -4) - 7
-6
7 - 4 - -8 - 17
-6
(0 - -2 - 2) + -2 + 5
3
What is the value of 0 + (-9 + 14 - -2)?
7
Evaluate -10 + 4 + 6 + 2.
2
-3 + 1 - ((-2 - -1) + -5)
4
(-16 - (-6 - 1)) + 11
2
What is -7 + (10 - 4 - 5)?
-6
Evaluate (6 - 7 - 0) + -2.
-3
Calculate (-4 - -1) + -1 + 71 + -70.
-3
-11 + 6 + -10 + 8
-7
What is -4 + 3 + (-1 - 1) + -1?
-4
-1 + 6 + (-8 - (14 - 26))
9
Calculate (-13 - -15) + (-2 - -2).
2
Evaluate (-1 - (5 + 2 + -4)) + 3.
-1
What is -2 - (0 - (3 + 3 + -6))?
-2
What is 18 + (-5 - 4) - 10?
-1
Evaluate (0 + -2 - (-10 - -10)) + 3.
1
What is the value of 4 - 5 - -4 - (3 + -3)?
3
Calculate 0 + -3 + (